n factor of 68 and 1206847?
17
Calculate the greatest common factor of 861 and 9.
3
What is the highest common divisor of 4364 and 28?
4
What is the greatest common factor of 585 and 90?
45
What is the highest common factor of 1802945 and 25?
5
Calculate the highest common factor of 3945 and 3803769.
789
Calculate the greatest common factor of 38 and 30592.
2
Calculate the greatest common divisor of 3971 and 121.
11
Calculate the highest common factor of 23829 and 1443.
39
What is the highest common factor of 21416580 and 18?
18
What is the greatest common factor of 30213 and 24991?
373
What is the greatest common factor of 129656 and 475?
19
Calculate the highest common factor of 1603269 and 18.
9
Calculate the highest common factor of 25566 and 12.
6
Calculate the greatest common divisor of 1664 and 5120.
128
What is the highest common divisor of 465525 and 1800?
225
Calculate the highest common divisor of 11 and 76571.
11
Calculate the greatest common factor of 1212 and 19.
1
What is the greatest common divisor of 1434 and 2562558?
1434
Calculate the greatest common divisor of 681 and 80585.
227
What is the greatest common factor of 4369 and 561?
17
What is the highest common divisor of 3054 and 232613?
509
What is the highest common factor of 942993 and 36?
9
What is the greatest common factor of 185 and 4520?
5
Calculate the highest common factor of 1445 and 95.
5
Calculate the highest common divisor of 436176 and 12.
12
Calculate the greatest common divisor of 303 and 22018.
101
Calculate the highest common divisor of 1496 and 89573.
187
What is the highest common factor of 113153 and 9?
1
What is the highest common divisor of 6 and 917454?
6
What is the greatest common factor of 20 and 34745?
5
Calculate the highest common divisor of 183210 and 15.
15
What is the greatest common divisor of 123 and 21461901?
123
Calculate the highest common factor of 1558705 and 1028.
257
What is the greatest common factor of 36 and 15894?
18
Calculate the highest common divisor of 94435 and 27115.
935
What is the greatest common divisor of 7098 and 19320?
42
Calculate the greatest common factor of 9 and 10840563.
9
Calculate the highest common factor of 42946 and 6304.
394
Calculate the greatest common factor of 284 and 32.
4
What is the highest common factor of 11849 and 51?
17
What is the greatest common divisor of 1146 and 59401?
191
What is the highest common factor of 6116 and 778956?
556
Calculate the highest common divisor of 8692 and 8056.
212
What is the highest common factor of 59500 and 10880?
340
Calculate the highest common factor of 45830 and 730.
10
Calculate the highest common divisor of 1254 and 1408.
22
What is the greatest common divisor of 9 and 97467?
3
What is the greatest common factor of 360 and 233460?
180
Calculate the highest common factor of 1660 and 220.
20
What is the highest common divisor of 24 and 71022?
6
What is the highest common factor of 2112 and 1353?
33
What is the highest common factor of 7120 and 324?
4
Calculate the highest common divisor of 1246 and 433519.
89
What is the highest common factor of 86 and 9417?
43
What is the highest common divisor of 60554 and 2210?
442
Calculate the highest common factor of 104 and 32604.
52
What is the greatest common factor of 722036 and 2247?
749
What is the greatest common factor of 122 and 239791?
61
What is the highest common factor of 61449 and 6?
3
Calculate the greatest common factor of 324 and 542214.
162
Calculate the highest common divisor of 390 and 53742.
78
What is the highest common factor of 253 and 436425?
253
What is the greatest common divisor of 8718151 and 13?
13
Calculate the greatest common divisor of 20 and 68812.
4
What is the highest common factor of 64334 and 646?
38
What is the highest common divisor of 990748 and 2662?
242
Calculate the greatest common factor of 399 and 273147.
21
Calculate the greatest common divisor of 1911 and 6825.
273
What is the greatest common factor of 3382 and 1330?
38
Calculate the greatest common divisor of 14 and 392518.
14
Calculate the greatest common factor of 480 and 125604.
12
What is the highest common factor of 3362 and 3?
1
Calculate the highest common factor of 12336 and 108.
12
What is the highest common divisor of 2668 and 75371?
667
Calculate the highest common factor of 151530 and 30.
30
Calculate the greatest common divisor of 2510459 and 28.
7
Calculate the highest common factor of 1023 and 123.
3
Calculate the highest common factor of 5578 and 6.
2
Calculate the highest common factor of 3843 and 95221.
427
Calculate the highest common factor of 22940 and 123380.
620
What is the highest common factor of 239519 and 35?
7
What is the highest common factor of 200 and 30425?
25
Calculate the highest common factor of 9911 and 1837.
11
What is the greatest common factor of 90 and 21320?
10
What is the greatest common divisor of 1408 and 12?
4
What is the highest common factor of 23 and 14536?
23
Calculate the greatest common divisor of 27912 and 24.
24
What is the greatest common factor of 860 and 940?
20
What is the greatest common divisor of 122191 and 781?
71
What is the highest common factor of 7407 and 279?
9
Calculate the highest common divisor of 1958 and 66968.
22
What is the highest common factor of 336 and 52668?
84
Calculate the highest common divisor of 42 and 2991.
3
What is the greatest common factor of 5600 and 1456?
112
What is the highest common divisor of 16 and 197920?
16
What is the highest common factor of 10537 and 451?
41
Calculate the greatest common factor of 949459 and 21.
7
What is the highest common factor of 116 and 140956?
4
Calculate the greatest common divisor of 1496 and 183566.
34
Calculate the highest common factor of 16558 and 76946.
974
Calculate the greatest common factor of 2205 and 2209851.
441
Calculate the greatest common divisor of 1363 and 3190.
29
What is the greatest common divisor of 4266 and 53352?
54
What is the highest common factor of 984 and 16656?
24
Calculate the highest common divisor of 1669454 and 76.
38
Calculate the highest common factor of 2898 and 74106.
414
What is the greatest common factor of 586692 and 5306?
758
What is the highest common factor of 103766 and 11666?
614
Calculate the highest common factor of 11063 and 192400.
481
Calculate the greatest common factor of 537 and 892673.
179
Calculate the highest common divisor of 104637 and 273.
39
Calculate the highest common divisor of 936635 and 1225.
245
Calculate the highest common divisor of 2349 and 4727.
29
What is the greatest common divisor of 13332 and 12804?
132
Calculate the highest common divisor of 7686 and 6174.
126
Calculate the highest common divisor of 10366 and 3337.
71
Calculate the highest common divisor of 2006 and 26904.
118
What is the greatest common factor of 5 and 794965?
5
Calculate the highest common divisor of 9 and 5259.
3
What is the highest common divisor of 952 and 53896?
8
What is the highest common divisor of 832 and 839744?
64
Calculate the greatest common factor of 6666 and 4914.
6
What is the highest common divisor of 1290 and 79230?
30
Calculate the greatest common divisor of 224 and 1939.
7
What is the greatest common divisor of 9638 and 124806?
122
What is the greatest common divisor of 613388 and 8?
4
What is the greatest common factor of 3609 and 153?
9
Calculate the highest common factor of 118602 and 198.
198
What is the greatest common factor of 274786 and 2?
2
What is the greatest common factor of 1465 and 164959?
293
Calculate the highest common factor of 72945 and 30.
15
Calculate the greatest common divisor of 5077380 and 12.
12
What is the greatest common factor of 36245 and 385?
55
What is the highest common divisor of 4750 and 350?
50
What is the highest common divisor of 5 and 8222855?
5
What is the greatest common divisor of 353 and 78719?
353
What is the highest common divisor of 681045 and 45?
15
Calculate the highest common divisor of 1075 and 166195.
215
What is the greatest common factor of 19 and 3192076?
19
What is the highest common divisor of 2944 and 2048?
128
What is the greatest common divisor of 102 and 1190?
34
Calculate the highest common divisor of 119 and 425.
17
Calculate the greatest common factor of 5574830 and 10.
10